+ 35. Let m be d(14). Let c = 11 + -10. What is the highest common divisor of c and m?
1
Let t(d) = -36*d - 12. Let a(v) = -73*v - 23. Let z(y) = 3*a(y) - 5*t(y). Let u be z(4). Let o = u - -305. What is the greatest common factor of 35 and o?
35
Let k be 5 - -2*2/4. Let r(b) be the second derivative of -b**3/6 - 6*b**2 - 7*b. Let l be r(-18). What is the highest common factor of k and l?
6
Let y be ((-2)/4 - -2)*1352/39. Calculate the highest common factor of y and 26.
26
Let h(i) = -24*i**3 - 2*i**2 + 1. Let c be h(-1). Let b be 3/9*-5*9. Let f = b + c. What is the greatest common divisor of 8 and f?
8
Let d = 40 + 42. Let h = d - 55. What is the greatest common divisor of 162 and h?
27
Suppose -s = -3*p + 259, 5*p - 6*s - 425 = -3*s. What is the greatest common divisor of 209 and p?
11
Let s(i) = 2*i - 66. Let g be s(28). Let d be (-25)/(-10)*8/g - -26. What is the highest common factor of 4 and d?
4
Suppose 8*l - 3*l = 0. Let c be (-3)/1 + 1 + (l - -97). Calculate the greatest common divisor of 5 and c.
5
Suppose -4*l = -5*s + 14, 2 = -3*s - 5*l + 10*l. Calculate the greatest common factor of s and 78.
6
Suppose 2*g + 30 = -g. Let b = g + 18. Let r be (-2023)/(-136) + 1/b. Calculate the greatest common factor of 3 and r.
3
Let z be (-5)/(25/(-20)) + 5*63. What is the greatest common factor of 11 and z?
11
Let a(b) = -6*b - 11. Let o be a(-2). Let i(r) = r**2 - 7*r + 13. Let l be 29/5 + (-3)/(-15). Let q be i(l). What is the highest common factor of q and o?
1
Suppose 4768*v + 132 = 4770*v. What is the highest common factor of v and 88?
22
Let r be 1*42*11*(-15)/(-30). What is the highest common factor of r and 66?
33
Suppose 0 = -s + 93 - 87. What is the greatest common divisor of 192 and s?
6
Let m be ((-3)/(-6))/(2/(-28)). Let u = 661 - 648. Let s = m + u. Calculate the greatest common divisor of s and 2.
2
Let m = 0 + 7. Let l = 18 - m. Calculate the highest common factor of l and 33.
11
Let a(q) = -2*q**3 - 21*q**2 - 17*q - 133. Let u be a(-15). Calculate the greatest common factor of u and 19.
19
Let i = -112 - -220. Let f be 41 + ((-2)/16 - 390/80). What is the highest common divisor of i and f?
36
Let i(f) = 19*f**3 + f**2 - 4. Let m be i(4). Let q = -250 + m. Suppose 2*c = -5*y + q, c - 979 = 3*y - 8*y. What is the greatest common factor of 28 and y?
28
Let o(d) = -3*d - 28. Let j(z) = -z - 8. Let c be j(7). Let h be o(c). What is the highest common divisor of h and 136?
17
Let h = -84 + 108. What is the greatest common factor of 56 and h?
8
Let a be 252/16 - 4/(-16)*1. Suppose -5*w = -180 - 380. Calculate the greatest common factor of w and a.
16
Suppose -2*i = -0 - 6. Let h(v) = -v**2 - v**2 - 6*v + 0 + 5 + v**i. Let w be h(4). Calculate the greatest common factor of 65 and w.
13
Let w(g) = 2*g**2 + g. Let f be w(1). Suppose p = -3*x + 290, 26 = x + 3*p - 76. Suppose f*y = y + x. Calculate the greatest common factor of y and 120.
24
Let a = -545 - -625. What is the highest common divisor of a and 100?
20
Let h = 1255 + -465. Calculate the highest common factor of h and 79.
79
Let a = -97 + 214. What is the highest common factor of 13 and a?
13
Let z = 221 - 136. Let k = -182 + 199. Calculate the greatest common factor of k and z.
17
Let q = 1023 - 932. Calculate the greatest common divisor of 78 and q.
13
Suppose 4714 = 8*f + 970. Calculate the highest common factor of 36 and f.
36
Let m = -15 + 26. Let s be (m*-57)/(-3)*1. Calculate the greatest common divisor of s and 19.
19
Let c(i) = i**2 - 24*i + 21. Let r be c(24). What is the highest common factor of r and 119?
7
Let a = -8 + 21. Let m = a - 5. Calculate the greatest common factor of m and 56.
8
Let y(x) = x**3 + 8*x**2 + 6*x + 13. Let n be y(-6). Suppose -2*d - 5*d = -n. What is the greatest common divisor of 1 and d?
1
Let p be (-14)/35 + (-18)/5. Let a be ((-1)/p)/(2/152). Calculate the highest common divisor of a and 190.
19
Let f be 18*(-2)/8*(-70)/5. Calculate the greatest common divisor of f and 72.
9
Let g = -82 + 153. Let m = g - 31. Calculate the greatest common factor of 8 and m.
8
Let i be -3 + 4/2 + -79. Let h = i - -180. Let k = 45 - 35. What is the highest common divisor of k and h?
10
Suppose 5*j - 54 = 4*g - 285, 0 = -3*g + 3*j + 171. What is the highest common factor of 3996 and g?
54
Let q = 328 - 241. What is the highest common divisor of q and 58?
29
Let p(v) = 14*v**2 - 11*v + 48. Let u be p(6). What is the highest common factor of u and 36?
18
Let n = -1480 - -1498. What is the highest common factor of 1602 and n?
18
Let v = 122 - 103. Calculate the highest common divisor of 19 and v.
19
Suppose -2*w - 3*k + 91 + 13 = 0, 3*w = -2*k + 166. What is the highest common factor of 29 and w?
29
Suppose 3*l = -0 - 6. Let n be l/(-6) + (-4)/((-36)/357). Calculate the highest common factor of 200 and n.
40
Suppose 20*u = 3*j + 16*u - 1300, -5*j - 5*u = -2155. Calculate the greatest common divisor of 162 and j.
54
Let r = -12 - -17. Suppose 4*a = 2*g + 9 - 61, r*a = 4*g - 92. Suppose 18 = 39*l - 684. What is the greatest common factor of l and g?
18
Let h be (-6555)/40 + (-1)/8. Let f = -66 - h. What is the greatest common divisor of 14 and f?
14
Let o = -554 - -750. What is the highest common divisor of 49 and o?
49
Let k = 1782 + -987. Calculate the greatest common factor of k and 15.
15
Suppose t = 3*t + 2, -15 = -r + 4*t. What is the greatest common factor of 517 and r?
11
Let d(c) = c**2 + 2*c - 1. Let h be d(-5). Let g = 14 - h. Suppose 5*u + 138 = 6*y - 2*y, 2*y - 2*u - 68 = g. What is the greatest common divisor of 4 and y?
4
Suppose -3*x + 2*s = -34, -8 = -2*x + 5*s - 0*s. Let c(u) = 2*u**2 - u + 35. Let d be c(0). Calculate the greatest common divisor of x and d.
7
Let b(z) = z + 9. Let g be b(-6). Suppose -h + 6*h + 35 = -5*s, g*h + 2*s = -22. Let w be ((-12)/8 - 0)*h. What is the highest common factor of w and 84?
12
Let y(b) = -5 + 2*b + 0 + b**2 - 6 + 5. Let q be y(3). Suppose -3*g = 3*d - 246, -4*g + 84 = d - g. What is the greatest common divisor of d and q?
9
Let f be 3 - (-72 + 4 - -3). Suppose g - f = -5*d + 51, -5*d - 2*g = -118. What is the greatest common factor of d and 16?
8
Suppose 1722 + 798 = 9*j. What is the greatest common divisor of j and 210?
70
Let g be (6 + -1)/((-1)/4). Let p = 34 + g. Let c = -12 - -124. What is the greatest common factor of c and p?
14
Suppose -150 = -2*i - 5*g, -i - 3*g = -5*g - 57. Let u = -39 + 35. Let p be (u/(-3))/(34/663). Calculate the greatest common factor of p and i.
13
Suppose 2*f + 2*f - 32 = -5*i, -f - 2*i = -8. Let n(a) = a**2 + a + 15 - a - f*a. Let d be n(7). What is the greatest common factor of 32 and d?
8
Suppose 3*f - 5 = 7. Suppose f*o = o + 48. Let a be 5/50*-2 - 162/(-10). What is the greatest common divisor of o and a?
16
Let m(d) = -2*d. Let h be m(1). Let v be (-1273)/133 - (-12)/21. Let i be (-16)/(-3)*v/h. What is the greatest common factor of i and 60?
12
Suppose -3*s - o + 74 = 0, 2*o - 34 = -s + 4*o. Let p be 166/10 - s/(-65). What is the highest common divisor of 136 and p?
17
Let j = -1060 - -1120. What is the greatest common factor of 12 and j?
12
Let s = 1930 - 1612. Calculate the greatest common factor of s and 212.
106
Let t be ((-2376)/660)/((2/(-5))/(3 - 1)). Let d be 0 + (-1)/(1/(-9)). What is the greatest common factor of t and d?
9
Let x(b) = 26*b - 40. Let s be x(4). What is the greatest common divisor of s and 16?
16
Suppose 0*a - a = 3*z - 599, 5*a = 3*z - 605. Suppose 0 = -5*k + z + 40. Let x = -37 - -109. Calculate the highest common divisor of k and x.
24
Let o = 141 + -115. What is the greatest common factor of 1274 and o?
26
Let q(g) = g**3 + 32*g**2 + 158*g - 7. Let w be q(-7). Calculate the highest common divisor of 49 and w.
7
Let t be 2*((-104)/(-32))/((-3)/(-6)). Calculate the greatest common factor of 611 and t.
13
Suppose 5*i - 5*z = 10, 2*z = 2*i + 3*z - 10. Suppose 5*t + 0*t + i*h - 14 = 0, -h - 3 = -2*t. What is the highest common divisor of 18 and t?
2
Suppose 0 = -9*p + 2*p + 231. What is the greatest common factor of p and 55?
11
Let d = -294 - -306. What is the highest common divisor of 528 and d?
12
Let n be (-612)/(-14) + 1 + 8/28. Suppose 10 + n = 5*u. What is the highest common factor of u and 1?
1
Suppose 58*j - 5*j - 564 - 443 = 0. Let